+ 5*a - 30531. What is the thousands digit of t?
0
Let t = -5 - -13. Let p(w) = t*w**2 + w**3 - 7 + 70*w - 2 - 80*w. What is the hundreds digit of p(-7)?
1
Let m = 116 + 74. Suppose -m*b + 4572 = -181*b. What is the hundreds digit of b?
5
Suppose -7 = -n + 5. Let r = -9 + n. Suppose r*l = 3*i - 417, 0 = -0*i - 3*i - 2*l + 437. What is the hundreds digit of i?
1
Let j = 119 - -180. Let u = j + -134. What is the units digit of u?
5
Let g = -30603 + 59550. What is the units digit of g?
7
Let a = -6236 + 9926. Suppose -4*r + a = n, -4*r + 4133 - 447 = 3*n. What is the tens digit of r?
2
Suppose 67 = 2*b + 11. Let p = b - -230. What is the tens digit of p?
5
Let j be (-4 - 66/12)*-58. Suppose 3*d - 637 = q, -4*q - j = -2*d - 143. What is the hundreds digit of d?
2
Let z = 45079 + -8628. What is the ten thousands digit of z?
3
What is the thousands digit of ((-18)/4)/(22330/11180 + -2)?
1
Suppose 13*a - 951249 = a - 27*a. What is the thousands digit of a?
4
Let p(l) = 1794*l**2 - 2*l - 32. What is the ten thousands digit of p(-3)?
1
Let y(g) = 2*g**3 + 3*g**2 - 30*g + 134. What is the units digit of y(7)?
7
Let o be -5 - 1 - (-22 - -6). Suppose o*d - 1112 = 8*d. What is the tens digit of d?
5
Let q(u) = 16*u + 277. Suppose 122 = -23*i - 62. What is the tens digit of q(i)?
4
Suppose 0 = 4*t + 5*x - 11119 - 28100, 5*x + 49080 = 5*t. What is the units digit of t?
1
Let x(t) be the first derivative of t**6/180 - t**5/120 + 5*t**4/6 - 13*t**3/3 + 27. Let u(s) be the third derivative of x(s). What is the units digit of u(9)?
3
Let g(v) = v**2 + 6*v + 4. Let k be g(-10). Suppose -2*l - 36162 = -k*l. What is the tens digit of l?
6
Suppose 673056 = -49*d + 90*d. What is the hundreds digit of d?
4
What is the thousands digit of (2184/130)/((-10)/(-20050))?
3
Let z(a) = -41*a + 49. Let r be z(11). Let j = r - -428. What is the units digit of j?
6
Let k = -6416 - -6871. What is the tens digit of k?
5
Let o(y) = 11*y + 2. Let b = 41 - -24. Let k = b + -57. What is the units digit of o(k)?
0
Suppose 63*z = 61*z + 2*c + 22146, c = -z + 11077. What is the units digit of z?
5
Suppose 54*o + 4*c = 59*o - 275199, 4*c = 3*o - 165129. What is the hundreds digit of o?
0
Suppose 19*t - 16 = 18*t. Let v(z) = 92*z - 85*z - 2 + t. What is the units digit of v(8)?
0
Let k(a) = -5*a. Let t be k(1). Let u(n) = -11*n + 25. Let q be u(t). Suppose -2*g + q = o + 3*g, 0 = -5*o - 4*g + 505. What is the hundreds digit of o?
1
Suppose 6*y + 3058 + 8228 = 0. Let p = -1242 - y. What is the units digit of p?
9
Let a be (-776)/(-14) - 2/(-28)*-6. Let k be ((-33)/a)/(6/(-20)). Suppose -r + 26 = 4*u, -k*r - 1 + 25 = u. What is the tens digit of r?
1
Let s(d) be the first derivative of 187*d**5/120 + d**4/12 + 23*d**3/3 - 1. Let q(y) be the third derivative of s(y). What is the hundreds digit of q(1)?
1
Let o(c) = -1178*c + 294. What is the thousands digit of o(-5)?
6
Let l(m) = -m**3 - 7*m**2 - 6*m + 3. Let k be l(-6). Suppose -2207 + 426 = -5*u + k*q, -2*u + 4*q + 704 = 0. What is the tens digit of u?
5
Let p(r) = 51635*r + 1129. What is the hundreds digit of p(1)?
7
Suppose 16*c - 183697 = -17*c + 43640. What is the thousands digit of c?
6
Suppose 122 = -k - 5*n, -2*k + 3*n - 189 = 3. Let t = -101 - k. What is the units digit of 4/2 + (-45 + t)*-5?
2
Suppose 0 = 2406*y - 2415*y + 51822. What is the tens digit of y?
5
Let b(z) = z**3 + 8*z**2 + 7*z + 2. Let j be b(-7). Suppose -3 = -3*d, 0*d - j*d - 14 = -2*w. What is the tens digit of 12/w*116/3?
5
Let o be (-34430)/33*(-78)/5. Suppose -14*h + o = 12*h. What is the tens digit of h?
2
Let l(w) = -10*w + 3 - 5 + 2*w**2 - 3*w**2 - 9. Let f be l(-8). Suppose f*y + 2 = 12, -49 = -t - 2*y. What is the units digit of t?
5
Suppose 5*z - 15596 = l, 3*z + 3*l - 9368 = l. Suppose 0 = -7*d - 6*d + z. Suppose -d = -3*m - 54. What is the tens digit of m?
6
Let p = -109 - -109. Suppose p = w + 2*w + 9, 4*g + 19 = -5*w. What is the hundreds digit of (444 - -14)/(2/(0 - g))?
2
Let x be 20/8*(-8)/(-10). Suppose -20*j + 1105 = -15*j. Suppose -5*l + 3*v = -255 + 31, 5*l - x*v = j. What is the tens digit of l?
4
Suppose 72*i - 37*i - 124774 = 22*i. What is the hundreds digit of i?
5
Let j(l) = -10*l**2 + 55*l + 120. Let q(f) = -f**2 + 5*f + 11. Let u(s) = 6*j(s) - 65*q(s). Let n be u(-6). Let z = -73 + n. What is the tens digit of z?
8
Let r = 90894 + -56886. What is the tens digit of r?
0
Let s(i) = i - 1. Let r(m) = -5*m - 11. Let n(d) = -r(d) - 4*s(d). Let k be n(-11). What is the tens digit of (k + (2 - -60))*1?
6
Let t = 9749 - 5617. What is the tens digit of t?
3
Suppose 1449*h - 55215 = 1444*h. What is the ten thousands digit of h?
1
Suppose -385*n + 1090242 + 12225862 = -18997331. What is the ten thousands digit of n?
8
Let g = -426 + 424. What is the units digit of (-9)/((-227)/113 - g)?
7
Suppose 7*r - 4425 - 2141 = 0. Suppose -6*c = -2086 - r. What is the hundreds digit of c?
5
Let d(u) = -u**3 - 12*u**2 - u + 1. Let f be d(-11). Let g = 106 + f. What is the tens digit of (0 + -1)/(g + (-1608)/(-537))?
7
Let z(b) = b**3 - 95*b**2 - 347*b + 326. What is the units digit of z(99)?
7
Let u = 15 - 12. Suppose -3*w + 329 = -4*l, -10*w - u*l + 114 = -9*w. What is the hundreds digit of w?
1
Suppose -2828*h = -2832*h + 203400. What is the units digit of h?
0
Let t(i) = -50*i**2 + 35 + 29*i - 12*i + 51*i**2. What is the hundreds digit of t(19)?
7
Suppose -44 = -4*i - 16. Suppose -i*r = -3*r. Suppose 4*w - 4*l - 80 = r, w - 4*l + 2*l = 25. What is the units digit of w?
5
Let d = -55 - -94. Let o be -12*(d/(-9) - -4). Suppose 4*s + o*f = 964, 5*f - 325 + 1048 = 3*s. What is the units digit of s?
1
Let r = -15 - -20. Suppose 5*p - 4*x - 1846 = -31, 2*p = -r*x + 759. What is the tens digit of p?
6
Suppose -2*v - 4*b = -1428, 0*b + 2846 = 4*v - 2*b. What is the units digit of (v/(-5))/(2/(-5))?
6
Let m(y) = -y**2 + 14*y - 3. Let l be m(6). Let r be 1 - -6 - (-123 + 42). Let k = r - l. What is the units digit of k?
3
Suppose 5*y - 19 - 12 = n, -5 = 5*n. Suppose -2*j - y = 0, -j + 59 - 378 = -q. What is the units digit of q?
6
Let j(n) = 11*n**2 - n. Let z be j(1). Let y(h) = -22*h - 1. Let x be y(2). What is the units digit of 1454/18 - z/x?
1
Let t be 2/(-4) + (-8)/(-16). Suppose -4*b - 5*h = -402, -5*b - h + 204 + 309 = t. What is the hundreds digit of b?
1
Let p = 10 + -6. Suppose 4 = p*g - 28. What is the units digit of 596/g + 9/6?
6
Let g(f) = 8069*f**3 - 7*f**2 + 14*f - 6. What is the units digit of g(1)?
0
Let n(h) = 18*h + 236. Let r be n(-13). Suppose -3*d - 5*b = -1805, -2995 = -3*d - r*d - 5*b. What is the hundreds digit of d?
5
Let w(g) = g**2 + 2*g - 23. Let r(v) = 2. Let c(d) = -6*r(d) + 3*w(d). What is the tens digit of c(-8)?
6
Let o(q) = 14*q**3 + 26*q + 27. Let i be o(-1). What is the units digit of 3990/4 + i/26?
7
Let j = 21 - 49. Let v = 28 + j. Suppose v = -7*f + 22 + 69. What is the units digit of f?
3
Let x = 31 + -26. Let h(a) = 17*a**2 - 5. What is the units digit of h(x)?
0
Let r = 9814 - -2512. What is the thousands digit of r?
2
Let t(d) = 8*d**3 - d. Let f be t(1). Suppose f*j = 5*j - 12. Let k(s) = -s + 13. What is the tens digit of k(j)?
1
Suppose 13215 = 96*t - 91*t. What is the units digit of t?
3
Suppose -2*a - 12 = 0, -260*z - 246792 = -264*z - 4*a. What is the units digit of z?
4
Let w(g) = -g**3 + 9*g**2 - g + 12. Let m be w(9). Let p be (m + 0)/(4 - 3). Let c = p - -50. What is the units digit of c?
3
Let z be -288 + (-3 + 1)*-2. Let j = 626 + z. What is the units digit of j?
2
Let o = 9804 - 8271. What is the hundreds digit of o?
5
Let z = -90 - -85. What is the units digit of 132 + 8*z/(-10)?
6
Let d(p) = -2*p + 40. Let z be d(19). Let j be ((-14)/(-3)*(-18)/(-21))/z. Suppose -j*a + 4*f - 4 = 0, -5*a + 10 = 3*f - 8*f. What is the units digit of a?
6
Let l be 184/69*3/2. Suppose -5*n + 25 = 0, -10*a - 510 = -15*a + l*n. What is the units digit of a?
6
Let l = 164927 - 114608. What is the tens digit of l?
1
Let m be 8 - 2 - (-7 + 8). Suppose -m*l = -3*i - 10*l + 1726, 1758 = 3*i - 3*l. Suppose 96 = 3*f - i. What is the tens digit of f?
2
Let b(j) = -33 + 2*j**2 - 14*j + 34*j - 20*j - 8*j. What is the hundreds digit of b(-9)?
2
Suppose 83*b + 2682 - 1115702 = 3200905. What is the hundreds digit of b?
9
Suppose 4*t - 2546